j**5/60 + j**4/6 + j**3/3 - 155*j**2. Give u(d).
-3
Let r = 72 - 73. Let w(t) = t**2 - 1. Let a be w(r). Let z(u) = 2*u**2 - 7*u - 3 + a - u**2. Determine z(7).
-3
Suppose -511 = -39*q - 34*q. Let i(k) = -k**3 - 4*k**2 + 6*k + 7. Let v be i(-5). Let d(g) = 0*g**2 - 2 - g**v + g + 6*g. What is d(q)?
-2
Let m(k) = -14*k - 21*k**2 - k - 43 + 14*k - 35 + 83. What is m(1)?
-17
Let j(a) = 2*a**3 + 2*a**2 + 2*a + 4. Let t = 267 + -276. Let i(x) = -x**3 - x**2 - x - 2. Let l(h) = t*i(h) - 4*j(h). Calculate l(-2).
-4
Suppose 12*v - 3*v = -45. Let b be v + 2 + -24 + 41. Let j(u) = -u**2 + 16*u - 23. Determine j(b).
5
Let y(n) = n**2 - 12. Suppose -45*o - 147 = 213. Calculate y(o).
52
Let j be 46/11 + ((-132)/121)/6. Suppose -4*v = j*q - 40, 6*v - 2*q = 5*v - 5. Let b(c) be the second derivative of c**3/3 - 2*c**2 + c. Determine b(v).
6
Let n(r) = 6*r + 3. Let q(z) be the first derivative of -12*z**2 - 13*z - 97. Let u(h) = 9*n(h) + 2*q(h). Give u(-1).
-5
Let a(u) be the first derivative of u**6/360 - u**5/40 + u**4/8 + 5*u**3/3 - 7. Let x(o) be the third derivative of a(o). Suppose 5*n - 30 = -n. Calculate x(n).
13
Let u = 3564 + -3570. Let v(l) = -5*l + 8. Determine v(u).
38
Let j(m) = 2*m + 5. Let a be 612/10*(8/(-3) + 6). Suppose -144 = -6*d + a. Let q = 54 - d. Determine j(q).
-3
Let m(r) = 5*r**2 - 2*r - 2. Let u be -1 - (721 - (9 + -12)). Let c = u - -724. Give m(c).
5
Let j be (378/28 - 18) + 66/12. Let d(v) be the first derivative of -4*v**3 + 2. Calculate d(j).
-12
Let z(w) = -3*w + 3. Let k be z(4). Let s(h) = -3*h**2 - 4*h - 22. Let c(p) = -5*p**2 - 5*p - 41. Let a(r) = 4*c(r) - 7*s(r). Determine a(k).
-1
Let o be -5*(6 - (-128)/(-20)). Suppose 4*d - 4*j = -9*j + 27, -5*d + 75 = -o*j. Let g(x) = -x**3 + 14*x**2 - 14*x + 13. What is g(d)?
0
Let j(a) = -2*a - 18. Let x(g) = 3*g - 3. Let r(p) = -2*j(p) - x(p). Give r(-20).
19
Let n be 2 + 112/(-64) + (-2 - 134/(-8)). Let q(p) = -p**2 + 15*p + 26. Give q(n).
26
Let j(f) = 3*f + 3. Let d be 5/((-5)/(-5)) + -25. Let v be d/9 - (80/(-36) + 2). What is j(v)?
-3
Let g(v) = -2*v + 16. Let t be g(0). Let c = -14 + t. Let y(f) = -f - 7*f - 4 + 0 + f**c - 6. Give y(9).
-1
Let p(b) = 41 - 59 + 5*b + 11 + 19. Give p(0).
12
Suppose 0 = 122*g + 179*g + 3010. Let n(u) = u**2 - 38*u - 486. Give n(g).
-6
Let i(x) = x**2 - 37 + 24*x + 28*x + 22*x - 81*x. What is i(-4)?
7
Let b be ((-15)/18)/(2/(-12)). Let d be b*(2/9 - 84/(-108)). Let i(j) = -j**2 + 6*j + 2. Give i(d).
7
Let b(z) = 272*z**2 + 21 - 130*z**2 + 11*z - 145*z**2. Let c be b(5). Let h(r) = -21*r. Determine h(c).
-21
Let s(k) be the second derivative of k**5/15 - k**4/12 - 2*k**3/3 + 85*k**2/2 - 13*k + 4. Let g(d) be the first derivative of s(d). What is g(3)?
26
Suppose -4*v - 24 = -4*r, -88*r - 3 = 4*v - 85*r. Let u(p) = -2*p**3 - 2*p**2 + 6*p - 2. What is u(v)?
16
Suppose -2*g - 3*i - 24 = 0, -5*g - 2*i + 1249 - 1287 = 0. Let a(x) = -6*x**2 - 13*x - 11. Give a(g).
-149
Let z(j) = -j**3 - 10*j**2 + j. Suppose 109*f + 1377 = 287. Calculate z(f).
-10
Let u(g) = -3*g. Let s = 83 + -85. Let k(f) = -7*f + 1. Let y(q) = s*k(q) + 5*u(q). Let i(j) = -j**3 + 6*j**2 + 5*j + 14. Let v be i(7). Determine y(v).
-2
Let r(c) = -c**2 - 15*c - 34. Let w = -7112 + 7101. Determine r(w).
10
Let j(z) = -10*z**3 + 2*z**2 + 3*z + 2. Let u be j(-1). Suppose -2*g - u + 29 = 0. Suppose 74*w = 71*w + g. Let l(x) = -x + 3. Calculate l(w).
0
Suppose -3*k = 4*i + 134 + 6, -5*k - 2*i = 210. Let j(v) = -v**2 - 38*v + 73. What is j(k)?
-7
Let y = 2943 + -2941. Let p(f) be the third derivative of -1/6*f**3 + 0 + 13/24*f**4 + f**y + 0*f. What is p(1)?
12
Suppose 4*h = -6*h + 130. Let f(d) = -h*d + 5*d + 6 + 6*d. Give f(6).
-6
Let k(t) = 4*t + 6*t - 7*t - 9 + 2*t. Suppose 13*b + 54 = 93. Give k(b).
6
Let y(u) = -14*u - 20*u + 5 - 16*u + 43*u - 3*u - u**2. What is y(-9)?
14
Let d(u) = -u**3 - 6*u**2 + 4*u + 14. Suppose 556*a = 579*a + 161. What is d(a)?
35
Let r(q) = -q**2 - 4*q + 1. Let w be r(-5). Let d(u) = -79*u - 10. Let h(m) = -95*m - 12. Let a(y) = -6*d(y) + 5*h(y). Give a(w).
4
Let a(l) = 7 + 180*l**3 - 179*l**3 - 3*l**2 + 4*l**2. Let o = -9 + 9. Give a(o).
7
Suppose 3*i + 2*i = -35. Let t(n) = -356*n + 7 - 391*n + 748*n. Let c be t(i). Let j(o) = -o**2 - 4. Calculate j(c).
-4
Let o(b) = -12*b - 101. Let f be (1 - (-8 + 17))*1. Let m be o(f). Let k(j) = -3*j - 4. Determine k(m).
11
Let h = -163 - -180. Suppose 3*g + h - 14 = 0. Let n(b) = -6*b + 1. What is n(g)?
7
Let w(b) = -38*b**2 + 10*b - 3. Let l(u) = 89*u**2 - 21*u + 5. Let z(c) = -3*l(c) - 7*w(c). Let p(d) = 0*d**2 - 4*d - 3*d + d**2. Let r be p(6). Calculate z(r).
12
Let x(n) = n**2 - 6 - 3*n + 2*n - 3*n. Let g = -11026 + 11032. Calculate x(g).
6
Let p(i) = i**2 + i + 1. Suppose -18*q - q = -76. Suppose u = 5*u - 4*n + q, -5*u = -4*n + 6. Determine p(u).
3
Suppose 2*g + 5 = 9. Let x be g/(-7) + 61/(-7). Let o(y) be the first derivative of y**4/4 + 3*y**3 - y**2/2 - 6*y - 7. Give o(x).
3
Let v be (-4 + 3)/1 + 52. Suppose -5*r + v = -39. Suppose 4*m - r = -2*m. Let j(q) = -q**2 + 3*q - 3. Give j(m).
-3
Let r(q) = q**2 - 5*q + 5. Let w(y) = -19*y**2 - 61*y - 6. Let v be w(-3). Give r(v).
11
Let g be (-54)/(-189)*(-28)/(-2). Let y(h) = -12*h**2 + 9*h + 28. Let v(l) = 5*l**2 - 4*l - 12. Let f(x) = -5*v(x) - 2*y(x). Determine f(g).
-4
Let b(g) = 4*g + g**2 - 3*g**3 - 8 + 4*g**3 - 9*g**2. Let q be ((-336)/(-70))/(21 - 1632/80). Calculate b(q).
24
Let d(w) be the second derivative of w + 38 + 1/20*w**5 + 13/2*w**2 + 0*w**4 + 0*w**3. What is d(0)?
13
Let k(g) = -41*g + 264. Suppose 0 = 5*b + 20, 2*b + 6 = -s + 4. What is k(s)?
18
Let z(k) = -14*k + k**2 - 4*k + 9 + 21 + k. Let m be z(14). Let b(f) = f**2 + 13*f + 5. Give b(m).
-7
Let k(t) be the third derivative of t**7/840 + t**6/90 - t**5/15 - 11*t**4/24 + 17*t**3/2 - 41*t**2. Let s(z) be the first derivative of k(z). Give s(-5).
4
Let u(b) be the third derivative of b**4/4 - 35*b**2 + 2*b - 45. Suppose 4*d - 4*f - 4 = 0, 0 = 5*f - 0 + 5. Suppose -z + 1 = -d*z. What is u(z)?
6
Let s(r) = -1 + 2*r**2 - 2*r + r**2 - 6*r**2 - 6*r**2. Let y(m) = m**3 - 32*m**2 - 7*m + 223. Let z be y(32). Calculate s(z).
-8
Let z(c) be the second derivative of -1/12*c**4 - 2 - 7*c + 0*c**3 - 1/2*c**2 + 1/20*c**5. Let o be 6 - 2 - (1 - 0). Determine z(o).
17
Suppose -6*z + 5*z - 6 = 0. Let l(y) = 6*y**2 - 18*y - 94. Let i(u) = 2*u**2 - 9*u - 39. Let r(h) = -5*i(h) + 2*l(h). Determine r(z).
25
Let p = 13127 + -13126. Let x(w) be the first derivative of 20*w**3/3 - w + 1. Give x(p).
19
Let z = -56 + 115. Let k = z + -65. Let r(a) = 2*a + a + 1 - 2*a. What is r(k)?
-5
Let l be ((-750)/175)/(4/((-56)/3)). Let p(g) = 7*g - 15*g - g + 4*g + l + 2*g. Determine p(10).
-10
Let v be 1/4 - ((-36)/(-16) - 3). Let c be 26/78*(-1*v + 16). Suppose -g = 2*g, c*g - 3 = 3*s. Let b(y) = 12*y**3 + y + 1. What is b(s)?
-12
Let g(t) = t**2 - 35*t - 117. Let w be g(38). Suppose -4 = -3*l + 8. Let a(c) = c - 1 - l*c + 0. Give a(w).
8
Let q = 1164 - 1168. Let j(n) = n**3 - 4*n**2 - 37*n - 1. Give j(q).
19
Let i = -38 + 66. Suppose -h + 21 = i. Let v(f) = f**3 + 6*f**2 - 5*f + 11. Let m be v(h). Let k(r) = 2*r + 3. What is k(m)?
-3
Let b(x) = 642*x + 1041. Let y(r) = -39*r - 65. Let k(m) = -2*b(m) - 33*y(m). Determine k(-29).
-24
Let v(i) = i**3 - 3*i**2 - 3*i + 6. Suppose -15*b + 4*b + 198 = 0. Suppose -b*z + 16 = -56. Determine v(z).
10
Let l(c) = -c**3 - 6*c**2 + 16*c - 6. Let t(k) = -k**3 + 5*k**2 + 10*k - 32. Let v be t(6). Give l(v).
-6
Let w(d) = -d**2 + 9*d + 9. Let j be w(9). Suppose 5*c - 31 = 3*o - 0*o, 3*c - j = -3*o. Let m(g) = -4 + 11 - 4 + 5*g. Determine m(o).
-7
Let v(b) = -b**2 - 13*b - 3. Let a be v(-9). Let r = a - 19. Let o(l) = -r*l**2 - l + 1 + 2*l - l. Give o(1).
-13
Let t(y) = -3*y + 5. Let d(w) = w - 2. Let l(n) = -9*d(n) - 4*t(n). Suppose -5*g + 6*g = -4, -g = -4*m + 124. Let j be ((-34)/(-51))/((-4)/m). What is l(j)?
-17
Let l(k) = k**2 - k - 1. Let p(d) = -d**3 - 2*d**2 - d + 4. Let w be p(0). Suppose 20 = w*a - 8*a. Determine l(a).
29
Let q be 4*(-15)/480*8. Let m(b) = -27*b**2 + b. Determine m(q).
-28
Let g = -7215 + 7215. Let j(o) = o**3 + 3*o**2 - 2*o - 10. What is j(g)?
-10
Let x(l) be the second derivative of l**4/12 - 7*l**3/6 - 15*l**2/2 - 2*l + 1929. What is x(10)?
15
Let c(g) = -16*g